{"id":533,"date":"2019-08-13T15:21:03","date_gmt":"2019-08-13T08:21:03","guid":{"rendered":"http:\/\/tedisouth.vn\/?page_id=533"},"modified":"2019-10-04T14:25:51","modified_gmt":"2019-10-04T07:25:51","slug":"duong-bo","status":"publish","type":"page","link":"http:\/\/tedisouth.vn\/?page_id=533","title":{"rendered":"\u0110\u01af\u1edcNG B\u1ed8"},"content":{"rendered":"\n<figure class=\"wp-block-image alignfull\"><img loading=\"lazy\" decoding=\"async\" width=\"1170\" height=\"300\" src=\"http:\/\/tedisouth.vn\/wp-content\/uploads\/2019\/08\/muc-du-an-tieu-bieu.jpg\" alt=\"\" class=\"wp-image-394\" srcset=\"http:\/\/tedisouth.vn\/wp-content\/uploads\/2019\/08\/muc-du-an-tieu-bieu.jpg 1170w, http:\/\/tedisouth.vn\/wp-content\/uploads\/2019\/08\/muc-du-an-tieu-bieu-300x77.jpg 300w, http:\/\/tedisouth.vn\/wp-content\/uploads\/2019\/08\/muc-du-an-tieu-bieu-768x197.jpg 768w, http:\/\/tedisouth.vn\/wp-content\/uploads\/2019\/08\/muc-du-an-tieu-bieu-1024x263.jpg 1024w\" sizes=\"(max-width: 1170px) 100vw, 1170px\" \/><\/figure>\n\n\n\n<p style=\"font-size: 16px; text-align: justify;\">Tr\u1ea3i qua h\u01a1n 40 n\u0103m x\u00e2y d\u1ef1ng v\u00e0 ph\u00e1t tri\u1ec3n, TEDI SOUTH hi\u1ec7n nay \u0111ang l\u00e0 m\u1ed9t trong nh\u1eefng \u0111\u01a1n v\u1ecb T\u01b0 v\u1ea5n h\u00e0ng \u0111\u1ea7u trong l\u0129nh v\u1ef1c x\u00e2y d\u1ef1ng c\u00e1c c\u00f4ng tr\u00ecnh c\u1ee7a ng\u00e0nh GTVT \u1edf khu v\u1ef1c ph\u00eda Nam c\u0169ng nh\u01b0 c\u1ea3 n\u01b0\u1edbc th\u1ef1c hi\u1ec7n c\u00e1c c\u00f4ng tr\u00ecnh t\u1eeb nh\u1ecf t\u1edbi l\u1edbn, t\u1eeb \u0111\u01a1n gi\u1ea3n \u0111\u1ebfn ph\u1ee9c t\u1ea1p, t\u1eeb th\u00f4 s\u01a1 \u0111\u1ebfn hi\u1ec7n \u0111\u1ea1i; c\u00f4ng tr\u00ecnh c\u00f3 m\u1eb7t \u1edf nhi\u1ec1u n\u01a1i: t\u1eeb \u0111\u1ed3ng b\u1eb1ng Nam b\u1ed9 \u0111\u1ebfn c\u00e1c \u0111\u1ea3o xa Ph\u00fa Qu\u1ed1c, C\u00f4n \u0110\u1ea3o v\u00e0 v\u00f9ng r\u1eebng n\u00fai xa x\u00f4i nh\u01b0 khu v\u1ef1c T\u00e2y Nguy\u00ean\u2026.  <\/p>\n\n\n\n<p style=\"font-size:18px;text-align:center\" class=\"has-text-color has-background has-virtue-primary-color has-very-light-gray-background-color\"><a href=\"http:\/\/tedisouth.vn\/?page_id=393\">T\u1ea5t c\u1ea3<\/a> <strong> <\/strong>|  <a href=\"http:\/\/tedisouth.vn\/?page_id=530\">C\u1ea7u &#8211; H\u1ea7m<\/a>  |  <strong>\u0110\u01b0\u1eddng b\u1ed9<\/strong>  |  <a href=\"http:\/\/tedisouth.vn\/?page_id=536\">N\u00fat giao<\/a>  |  <a href=\"http:\/\/tedisouth.vn\/?page_id=538\">\u0110\u01b0\u1eddng s\u1eaft<\/a>  |  <a href=\"http:\/\/tedisouth.vn\/?page_id=541\">H\u1ea1 t\u1ea7ng<\/a>  |  <a href=\"http:\/\/tedisouth.vn\/?page_id=544\">Quy ho\u1ea1ch giao th\u00f4ng<\/a><\/p>\n\n\n\n<div class=\"wp-block-columns has-4-columns is-layout-flex wp-container-core-columns-is-layout-1 wp-block-columns-is-layout-flex\">\n<div class=\"wp-block-column is-layout-flow wp-block-column-is-layout-flow\">\n<figure class=\"wp-block-image\"><a href=\"http:\/\/tedisouth.vn\/?portfolio=duong-bo-3\"><img loading=\"lazy\" decoding=\"async\" width=\"1024\" height=\"680\" src=\"http:\/\/tedisouth.vn\/wp-content\/uploads\/2019\/08\/QL22-xuyen-a-1-1024x680.jpg\" alt=\"\" class=\"wp-image-437\" srcset=\"http:\/\/tedisouth.vn\/wp-content\/uploads\/2019\/08\/QL22-xuyen-a-1.jpg 1024w, http:\/\/tedisouth.vn\/wp-content\/uploads\/2019\/08\/QL22-xuyen-a-1-300x199.jpg 300w, http:\/\/tedisouth.vn\/wp-content\/uploads\/2019\/08\/QL22-xuyen-a-1-768x510.jpg 768w\" sizes=\"(max-width: 1024px) 100vw, 1024px\" \/><\/a><\/figure>\n\n\n\n<p style=\"font-size:15px;text-align:center\" class=\"has-text-color has-virtue-primary-light-color\"><a href=\"http:\/\/tedisouth.vn\/?portfolio=duong-bo-3\">Qu\u1ed1c L\u1ed9 22 &#8211; \u0110\u01b0\u1eddng xuy\u00ean \u00c1<br>(TP. HCM &#8211; T\u00e2y Ninh)<\/a><\/p>\n\n\n\n<figure class=\"wp-block-image\"><a href=\"http:\/\/tedisouth.vn\/?portfolio=duong-bo-2-5\"><img loading=\"lazy\" decoding=\"async\" width=\"1024\" height=\"680\" src=\"http:\/\/tedisouth.vn\/wp-content\/uploads\/2019\/08\/DSC_7728-1024x680.jpg\" alt=\"\" class=\"wp-image-407\" srcset=\"http:\/\/tedisouth.vn\/wp-content\/uploads\/2019\/08\/DSC_7728.jpg 1024w, http:\/\/tedisouth.vn\/wp-content\/uploads\/2019\/08\/DSC_7728-300x199.jpg 300w, http:\/\/tedisouth.vn\/wp-content\/uploads\/2019\/08\/DSC_7728-768x510.jpg 768w\" sizes=\"(max-width: 1024px) 100vw, 1024px\" \/><\/a><\/figure>\n\n\n\n<p style=\"font-size:15px;text-align:center\" class=\"has-text-color has-virtue-primary-light-color\"><a href=\"http:\/\/tedisouth.vn\/?portfolio=duong-bo-2-5\">Cao t\u1ed1c Li\u00ean Kh\u01b0\u01a1ng &#8211; Prenn <br>(L\u00e2m \u0110\u1ed3ng)<\/a>  <\/p>\n\n\n\n<figure class=\"wp-block-image\"><a href=\"http:\/\/tedisouth.vn\/?portfolio=duong-vao-nha-may-thuy-dien-tri-an\"><img loading=\"lazy\" decoding=\"async\" width=\"1024\" height=\"680\" src=\"http:\/\/tedisouth.vn\/wp-content\/uploads\/2019\/08\/tri-an-1-1024x680.jpg\" alt=\"\" class=\"wp-image-441\" srcset=\"http:\/\/tedisouth.vn\/wp-content\/uploads\/2019\/08\/tri-an-1.jpg 1024w, http:\/\/tedisouth.vn\/wp-content\/uploads\/2019\/08\/tri-an-1-300x199.jpg 300w, http:\/\/tedisouth.vn\/wp-content\/uploads\/2019\/08\/tri-an-1-768x510.jpg 768w\" sizes=\"(max-width: 1024px) 100vw, 1024px\" \/><\/a><\/figure>\n\n\n\n<p style=\"font-size:15px;text-align:center\" class=\"has-text-color has-virtue-primary-light-color\"><a href=\"http:\/\/tedisouth.vn\/?portfolio=duong-vao-nha-may-thuy-dien-tri-an\">\u0110\u01b0\u1eddng v\u00e0o nh\u00e0 m\u00e1y th\u1ee7y \u0111i\u1ec7n Tr\u1ecb An<br>(\u0110\u1ed3ng Nai) <\/a><\/p>\n<\/div>\n\n\n\n<div class=\"wp-block-column is-layout-flow wp-block-column-is-layout-flow\">\n<figure class=\"wp-block-image\"><a href=\"http:\/\/tedisouth.vn\/?portfolio=duong-bo\"><img loading=\"lazy\" decoding=\"async\" width=\"1024\" height=\"680\" src=\"http:\/\/tedisouth.vn\/wp-content\/uploads\/2019\/08\/Cao-toc-HCM-LT-DG-7-1024x680.jpg\" alt=\"\" class=\"wp-image-428\" srcset=\"http:\/\/tedisouth.vn\/wp-content\/uploads\/2019\/08\/Cao-toc-HCM-LT-DG-7.jpg 1024w, http:\/\/tedisouth.vn\/wp-content\/uploads\/2019\/08\/Cao-toc-HCM-LT-DG-7-300x199.jpg 300w, http:\/\/tedisouth.vn\/wp-content\/uploads\/2019\/08\/Cao-toc-HCM-LT-DG-7-768x510.jpg 768w\" sizes=\"(max-width: 1024px) 100vw, 1024px\" \/><\/a><\/figure>\n\n\n\n<p style=\"font-size:15px;text-align:center\" class=\"has-text-color has-virtue-primary-light-color\"><a href=\"http:\/\/tedisouth.vn\/?portfolio=duong-bo\">Cao t\u1ed1c TP. HCM &#8211; LT &#8211; D\u1ea7u Gi\u00e2y<br>(TP.HCM &#8211; \u0110\u1ed3ng Nai)<\/a><\/p>\n\n\n\n<figure class=\"wp-block-image\"><a href=\"http:\/\/tedisouth.vn\/?portfolio=duong-cao-toc-tp-ho-chi-minh-trung-luong\"><img loading=\"lazy\" decoding=\"async\" width=\"1024\" height=\"680\" src=\"http:\/\/tedisouth.vn\/wp-content\/uploads\/2019\/08\/cao-toc-TPHCM-TL-7-1024x680.jpg\" alt=\"\" class=\"wp-image-419\" srcset=\"http:\/\/tedisouth.vn\/wp-content\/uploads\/2019\/08\/cao-toc-TPHCM-TL-7.jpg 1024w, http:\/\/tedisouth.vn\/wp-content\/uploads\/2019\/08\/cao-toc-TPHCM-TL-7-300x199.jpg 300w, http:\/\/tedisouth.vn\/wp-content\/uploads\/2019\/08\/cao-toc-TPHCM-TL-7-768x510.jpg 768w\" sizes=\"(max-width: 1024px) 100vw, 1024px\" \/><\/a><\/figure>\n\n\n\n<p style=\"font-size:15px;text-align:center\" class=\"has-text-color has-virtue-primary-light-color\"><a href=\"http:\/\/tedisouth.vn\/?portfolio=duong-cao-toc-tp-ho-chi-minh-trung-luong\">Cao t\u1ed1c TP. HCM &#8211; Trung L\u01b0\u01a1ng<br>(TP. HCM &#8211; Long An &#8211; Ti\u1ec1n Giang)<\/a><\/p>\n\n\n\n<figure class=\"wp-block-image\"><a href=\"http:\/\/tedisouth.vn\/?portfolio=duong-bo-2-4\"><img loading=\"lazy\" decoding=\"async\" width=\"1024\" height=\"680\" src=\"http:\/\/tedisouth.vn\/wp-content\/uploads\/2019\/08\/Duong-Nam-Song-Lo-Cu-Hin-1-1024x680.jpg\" alt=\"\" class=\"wp-image-467\" srcset=\"http:\/\/tedisouth.vn\/wp-content\/uploads\/2019\/08\/Duong-Nam-Song-Lo-Cu-Hin-1.jpg 1024w, http:\/\/tedisouth.vn\/wp-content\/uploads\/2019\/08\/Duong-Nam-Song-Lo-Cu-Hin-1-300x199.jpg 300w, http:\/\/tedisouth.vn\/wp-content\/uploads\/2019\/08\/Duong-Nam-Song-Lo-Cu-Hin-1-768x510.jpg 768w\" sizes=\"(max-width: 1024px) 100vw, 1024px\" \/><\/a><\/figure>\n\n\n\n<p style=\"font-size:15px;text-align:center\" class=\"has-text-color has-virtue-primary-light-color\"><a href=\"http:\/\/tedisouth.vn\/?portfolio=duong-bo-2-4\">\u0110\u01b0\u1eddng Nam S\u00f4ng L\u00f4 &#8211; C\u00f9 Hin<br>(Kh\u00e1nh H\u00f2a)<\/a> <\/p>\n<\/div>\n\n\n\n<div class=\"wp-block-column is-layout-flow wp-block-column-is-layout-flow\">\n<figure class=\"wp-block-image\"><a href=\"http:\/\/tedisouth.vn\/?portfolio=duong-bo-2-2\"><img loading=\"lazy\" decoding=\"async\" width=\"1024\" height=\"680\" src=\"http:\/\/tedisouth.vn\/wp-content\/uploads\/2019\/08\/QL1-doan-Ninh-Thuan-1-1024x680.jpg\" alt=\"\" class=\"wp-image-432\" srcset=\"http:\/\/tedisouth.vn\/wp-content\/uploads\/2019\/08\/QL1-doan-Ninh-Thuan-1.jpg 1024w, http:\/\/tedisouth.vn\/wp-content\/uploads\/2019\/08\/QL1-doan-Ninh-Thuan-1-300x199.jpg 300w, http:\/\/tedisouth.vn\/wp-content\/uploads\/2019\/08\/QL1-doan-Ninh-Thuan-1-768x510.jpg 768w\" sizes=\"(max-width: 1024px) 100vw, 1024px\" \/><\/a><\/figure>\n\n\n\n<p style=\"font-size:15px;text-align:center\" class=\"has-text-color has-virtue-primary-light-color\"><a href=\"http:\/\/tedisouth.vn\/?portfolio=duong-bo-2-2\">Qu\u1ed1c L\u1ed9 1 \u0111o\u1ea1n qua t\u1ec9nh Kh\u00e1nh H\u00f2a, Ninh Thu\u1eadn, B\u00ecnh Thu\u1eadn<\/a><\/p>\n\n\n\n<figure class=\"wp-block-image\"><img loading=\"lazy\" decoding=\"async\" width=\"1024\" height=\"680\" src=\"http:\/\/tedisouth.vn\/wp-content\/uploads\/2019\/08\/QL18-1-1024x680.jpg\" alt=\"\" class=\"wp-image-451\" srcset=\"http:\/\/tedisouth.vn\/wp-content\/uploads\/2019\/08\/QL18-1.jpg 1024w, http:\/\/tedisouth.vn\/wp-content\/uploads\/2019\/08\/QL18-1-300x199.jpg 300w, http:\/\/tedisouth.vn\/wp-content\/uploads\/2019\/08\/QL18-1-768x510.jpg 768w\" sizes=\"(max-width: 1024px) 100vw, 1024px\" \/><\/figure>\n\n\n\n<p style=\"font-size:15px;text-align:center\" class=\"has-text-color has-virtue-primary-light-color\">Qu\u1ed1c L\u1ed9 18<br>(B\u1eafc Ninh &#8211; U\u00f4ng B\u00ed)<\/p>\n<\/div>\n\n\n\n<div class=\"wp-block-column is-layout-flow wp-block-column-is-layout-flow\">\n<figure class=\"wp-block-image\"><a href=\"http:\/\/tedisouth.vn\/?portfolio=duong-bo-2-3\"><img loading=\"lazy\" decoding=\"async\" width=\"1024\" height=\"680\" src=\"http:\/\/tedisouth.vn\/wp-content\/uploads\/2019\/08\/QL18-Ha-Long-Mong-Duong-1-1024x680.jpg\" alt=\"\" class=\"wp-image-426\" srcset=\"http:\/\/tedisouth.vn\/wp-content\/uploads\/2019\/08\/QL18-Ha-Long-Mong-Duong-1.jpg 1024w, http:\/\/tedisouth.vn\/wp-content\/uploads\/2019\/08\/QL18-Ha-Long-Mong-Duong-1-300x199.jpg 300w, http:\/\/tedisouth.vn\/wp-content\/uploads\/2019\/08\/QL18-Ha-Long-Mong-Duong-1-768x510.jpg 768w\" sizes=\"(max-width: 1024px) 100vw, 1024px\" \/><\/a><\/figure>\n\n\n\n<p style=\"font-size:15px;text-align:center\" class=\"has-text-color has-virtue-primary-light-color\"><a href=\"http:\/\/tedisouth.vn\/?portfolio=duong-bo-2-3\">C\u1ea3i t\u1ea1o, n\u00e2ng c\u1ea5p QL18<br>(\u0110o\u1ea1n H\u1ea1 Long &#8211; M\u00f4ng D\u01b0\u01a1ng) <\/a><\/p>\n\n\n\n<figure class=\"wp-block-image\"><img loading=\"lazy\" decoding=\"async\" width=\"1024\" height=\"680\" src=\"http:\/\/tedisouth.vn\/wp-content\/uploads\/2019\/08\/DT723-1-1024x680.jpg\" alt=\"\" class=\"wp-image-449\" srcset=\"http:\/\/tedisouth.vn\/wp-content\/uploads\/2019\/08\/DT723-1.jpg 1024w, http:\/\/tedisouth.vn\/wp-content\/uploads\/2019\/08\/DT723-1-300x199.jpg 300w, http:\/\/tedisouth.vn\/wp-content\/uploads\/2019\/08\/DT723-1-768x510.jpg 768w\" sizes=\"(max-width: 1024px) 100vw, 1024px\" \/><\/figure>\n\n\n\n<p style=\"font-size:15px;text-align:center\" class=\"has-text-color has-virtue-primary-light-color\">T\u1ec9nh l\u1ed9 723<br>(\u0110\u00e0 L\u1ea1t &#8211; Nha Trang) <\/p>\n<\/div>\n<\/div>\n\n\n\n<p><\/p>\n","protected":false},"excerpt":{"rendered":"<p>Tr\u1ea3i qua h\u01a1n 40 n\u0103m x\u00e2y d\u1ef1ng v\u00e0 ph\u00e1t tri\u1ec3n, TEDI SOUTH hi\u1ec7n nay \u0111ang l\u00e0 m\u1ed9t trong nh\u1eefng \u0111\u01a1n v\u1ecb T\u01b0 v\u1ea5n h\u00e0ng \u0111\u1ea7u trong l\u0129nh v\u1ef1c x\u00e2y d\u1ef1ng c\u00e1c c\u00f4ng tr\u00ecnh c\u1ee7a ng\u00e0nh GTVT \u1edf khu v\u1ef1c ph\u00eda &hellip; <a href=\"http:\/\/tedisouth.vn\/?page_id=533\">Continued<\/a><\/p>\n","protected":false},"author":1,"featured_media":0,"parent":393,"menu_order":0,"comment_status":"closed","ping_status":"closed","template":"page-fullwidth.php","meta":{"kt_blocks_editor_width":"","footnotes":""},"_links":{"self":[{"href":"http:\/\/tedisouth.vn\/index.php?rest_route=\/wp\/v2\/pages\/533"}],"collection":[{"href":"http:\/\/tedisouth.vn\/index.php?rest_route=\/wp\/v2\/pages"}],"about":[{"href":"http:\/\/tedisouth.vn\/index.php?rest_route=\/wp\/v2\/types\/page"}],"author":[{"embeddable":true,"href":"http:\/\/tedisouth.vn\/index.php?rest_route=\/wp\/v2\/users\/1"}],"replies":[{"embeddable":true,"href":"http:\/\/tedisouth.vn\/index.php?rest_route=%2Fwp%2Fv2%2Fcomments&post=533"}],"version-history":[{"count":6,"href":"http:\/\/tedisouth.vn\/index.php?rest_route=\/wp\/v2\/pages\/533\/revisions"}],"predecessor-version":[{"id":920,"href":"http:\/\/tedisouth.vn\/index.php?rest_route=\/wp\/v2\/pages\/533\/revisions\/920"}],"up":[{"embeddable":true,"href":"http:\/\/tedisouth.vn\/index.php?rest_route=\/wp\/v2\/pages\/393"}],"wp:attachment":[{"href":"http:\/\/tedisouth.vn\/index.php?rest_route=%2Fwp%2Fv2%2Fmedia&parent=533"}],"curies":[{"name":"wp","href":"https:\/\/api.w.org\/{rel}","templated":true}]}}