{"id":571,"date":"2019-08-14T09:36:57","date_gmt":"2019-08-14T02:36:57","guid":{"rendered":"http:\/\/tedisouth.vn\/?page_id=571"},"modified":"2021-08-11T11:29:40","modified_gmt":"2021-08-11T04:29:40","slug":"khao-sat-dia-chat-thi-nghiem","status":"publish","type":"page","link":"http:\/\/tedisouth.vn\/?page_id=571","title":{"rendered":"KH\u1ea2O S\u00c1T \u0110\u1ecaA CH\u1ea4T V\u00c0 TH\u00cd NGHI\u1ec6M"},"content":{"rendered":"\n<hr class=\"wp-block-separator is-style-wide\"\/>\n\n\n\n<h2 class=\"wp-block-heading\" style=\"text-align:center\"><strong>L\u0128NH V\u1ef0C KINH DOANH<\/strong><\/h2>\n\n\n\n<hr class=\"wp-block-separator is-style-wide\"\/>\n\n\n\n<p class=\"has-text-color has-medium-font-size has-virtue-primary-light-color\"><strong>KH\u1ea2O S\u00c1T \u0110\u1ecaA CH\u1ea4T V\u00c0 TH\u00cd NGHI\u1ec6M<\/strong><\/p>\n\n\n\n<p>Th\u1ef1c hi\u1ec7n c\u00f4ng t\u00e1c kh\u1ea3o s\u00e1t \u0111\u1ecba h\u00ecnh, th\u1ee7y v\u0103n v\u00e0 \u0111o \u0111\u1ea1c b\u1ea3n \u0111\u1ed3.<\/p>\n\n\n\n<p><strong>M\u1ed9t s\u1ed1 c\u00f4ng t\u00e1c ti\u00eau bi\u1ec3u \u0111\u00e3 th\u1ef1c hi\u1ec7n<\/strong><\/p>\n\n\n<style>.kb-gallery-id-_ebdb14-1b .kadence-blocks-gallery-item .kb-gal-image-radius, .kb-gallery-id-_ebdb14-1b .kb-slide-item .kb-gal-image-radius img{border-radius:0px 0px 0px 0px;;}.kb-gallery-id-_ebdb14-1b .kadence-blocks-gallery-item .kadence-blocks-gallery-item-inner .kadence-blocks-gallery-item__caption{font-size:16px;color:#444;}.kb-gallery-caption-style-cover-hover.kb-gallery-id-_ebdb14-1b .kadence-blocks-gallery-item .kadence-blocks-gallery-item-inner .kadence-blocks-gallery-item__caption, .kb-gallery-caption-style-below.kb-gallery-id-_ebdb14-1b .kadence-blocks-gallery-item .kadence-blocks-gallery-item-inner .kadence-blocks-gallery-item__caption{background:rgba(255, 255, 255, 0.5);}.kb-gallery-wrap-id-_ebdb14-1b.wp-block-kadence-advancedgallery{overflow:visible;}.kb-gallery-wrap-id-_ebdb14-1b.wp-block-kadence-advancedgallery .kt-blocks-carousel{overflow:visible;}<\/style>\n<div class=\"wp-block-kadence-advancedgallery kb-gallery-wrap-id-_ebdb14-1b\"><div class=\"kb-gallery-ul kb-gallery-type-slider kb-gallery-id-_ebdb14-1b kb-gallery-caption-style-below kb-gallery-filter-none\" data-image-filter=\"none\" data-lightbox-caption=\"true\"><div class=\"kt-blocks-carousel kt-carousel-container-dotstyle-dark\"><div class=\"kt-blocks-carousel-init kb-blocks-slider kt-carousel-arrowstyle-whiteondark kt-carousel-dotstyle-dark\" data-slider-anim-speed=\"400\" data-slider-type=\"slider\" data-slider-scroll=\"1\" data-slider-arrows=\"true\" data-slider-dots=\"true\" data-slider-hover-pause=\"false\" data-slider-auto=\"false\" data-slider-speed=\"7000\"><div class=\"kb-slide-item kb-gallery-slide-item\"><div class=\"kadence-blocks-gallery-item\"><div class=\"kadence-blocks-gallery-item-inner\"><figure class=\"kb-gallery-figure kb-has-image-ratio-inherit\"><div class=\"kb-gal-image-radius\" style=\"max-width:1024px\"><div class=\"kb-gallery-image-contain kadence-blocks-gallery-intrinsic kb-gallery-image-ratio-inherit\"><img loading=\"lazy\" decoding=\"async\" src=\"http:\/\/tedisouth.vn\/wp-content\/uploads\/2019\/08\/linh-vuc-kinh-doanh-dkt-2-1024x680.jpg\" width=\"1024\" height=\"680\" alt=\"\" data-full-image=\"http:\/\/tedisouth.vn\/wp-content\/uploads\/2019\/08\/linh-vuc-kinh-doanh-dkt-2.jpg\" data-light-image=\"http:\/\/tedisouth.vn\/wp-content\/uploads\/2019\/08\/linh-vuc-kinh-doanh-dkt-2.jpg\" data-id=\"307\" data-link=\"http:\/\/tedisouth.vn\/?attachment_id=307\" class=\"wp-image-307 skip-lazy\" srcset=\"http:\/\/tedisouth.vn\/wp-content\/uploads\/2019\/08\/linh-vuc-kinh-doanh-dkt-2.jpg 1024w, http:\/\/tedisouth.vn\/wp-content\/uploads\/2019\/08\/linh-vuc-kinh-doanh-dkt-2-300x199.jpg 300w, http:\/\/tedisouth.vn\/wp-content\/uploads\/2019\/08\/linh-vuc-kinh-doanh-dkt-2-768x510.jpg 768w\" sizes=\"(max-width: 1024px) 100vw, 1024px\" \/><\/div><\/div><\/figure><\/div><\/div><\/div><div class=\"kb-slide-item kb-gallery-slide-item\"><div class=\"kadence-blocks-gallery-item\"><div class=\"kadence-blocks-gallery-item-inner\"><figure class=\"kb-gallery-figure kb-has-image-ratio-inherit\"><div class=\"kb-gal-image-radius\"><div class=\"kb-gallery-image-contain kadence-blocks-gallery-intrinsic kb-gallery-image-ratio-inherit\"><img loading=\"lazy\" decoding=\"async\" width=\"510\" height=\"680\" src=\"http:\/\/tedisouth.vn\/wp-content\/uploads\/2019\/08\/Khao-sat-dia-chat-1.jpg\" alt=\"\" data-full-image=\"http:\/\/tedisouth.vn\/wp-content\/uploads\/2019\/08\/Khao-sat-dia-chat-1.jpg\" data-light-image=\"http:\/\/tedisouth.vn\/wp-content\/uploads\/2019\/08\/Khao-sat-dia-chat-1.jpg\" data-id=\"573\" data-link=\"http:\/\/tedisouth.vn\/?attachment_id=573\" class=\"wp-image-573 skip-lazy\" srcset=\"http:\/\/tedisouth.vn\/wp-content\/uploads\/2019\/08\/Khao-sat-dia-chat-1.jpg 510w, http:\/\/tedisouth.vn\/wp-content\/uploads\/2019\/08\/Khao-sat-dia-chat-1-225x300.jpg 225w\" sizes=\"(max-width: 510px) 100vw, 510px\" \/><\/div><\/div><\/figure><\/div><\/div><\/div><div class=\"kb-slide-item kb-gallery-slide-item\"><div class=\"kadence-blocks-gallery-item\"><div class=\"kadence-blocks-gallery-item-inner\"><figure class=\"kb-gallery-figure kb-has-image-ratio-inherit\"><div class=\"kb-gal-image-radius\" style=\"max-width:1024px\"><div class=\"kb-gallery-image-contain kadence-blocks-gallery-intrinsic kb-gallery-image-ratio-inherit\"><img loading=\"lazy\" decoding=\"async\" src=\"http:\/\/tedisouth.vn\/wp-content\/uploads\/2019\/08\/Khao-sat-dia-chat-2-1024x680.jpg\" width=\"1024\" height=\"680\" alt=\"\" data-full-image=\"http:\/\/tedisouth.vn\/wp-content\/uploads\/2019\/08\/Khao-sat-dia-chat-2.jpg\" data-light-image=\"http:\/\/tedisouth.vn\/wp-content\/uploads\/2019\/08\/Khao-sat-dia-chat-2.jpg\" data-id=\"574\" data-link=\"http:\/\/tedisouth.vn\/?attachment_id=574\" class=\"wp-image-574 skip-lazy\" srcset=\"http:\/\/tedisouth.vn\/wp-content\/uploads\/2019\/08\/Khao-sat-dia-chat-2.jpg 1024w, http:\/\/tedisouth.vn\/wp-content\/uploads\/2019\/08\/Khao-sat-dia-chat-2-300x199.jpg 300w, http:\/\/tedisouth.vn\/wp-content\/uploads\/2019\/08\/Khao-sat-dia-chat-2-768x510.jpg 768w\" sizes=\"(max-width: 1024px) 100vw, 1024px\" \/><\/div><\/div><\/figure><\/div><\/div><\/div><div class=\"kb-slide-item kb-gallery-slide-item\"><div class=\"kadence-blocks-gallery-item\"><div class=\"kadence-blocks-gallery-item-inner\"><figure class=\"kb-gallery-figure kb-has-image-ratio-inherit\"><div class=\"kb-gal-image-radius\"><div class=\"kb-gallery-image-contain kadence-blocks-gallery-intrinsic kb-gallery-image-ratio-inherit\"><img loading=\"lazy\" decoding=\"async\" width=\"452\" height=\"680\" src=\"http:\/\/tedisouth.vn\/wp-content\/uploads\/2019\/08\/Khao-sat-dia-chat-4.jpg\" alt=\"\" data-full-image=\"http:\/\/tedisouth.vn\/wp-content\/uploads\/2019\/08\/Khao-sat-dia-chat-4.jpg\" data-light-image=\"http:\/\/tedisouth.vn\/wp-content\/uploads\/2019\/08\/Khao-sat-dia-chat-4.jpg\" data-id=\"575\" data-link=\"http:\/\/tedisouth.vn\/?attachment_id=575\" class=\"wp-image-575 skip-lazy\" srcset=\"http:\/\/tedisouth.vn\/wp-content\/uploads\/2019\/08\/Khao-sat-dia-chat-4.jpg 452w, http:\/\/tedisouth.vn\/wp-content\/uploads\/2019\/08\/Khao-sat-dia-chat-4-199x300.jpg 199w\" sizes=\"(max-width: 452px) 100vw, 452px\" \/><\/div><\/div><\/figure><\/div><\/div><\/div><div class=\"kb-slide-item kb-gallery-slide-item\"><div class=\"kadence-blocks-gallery-item\"><div class=\"kadence-blocks-gallery-item-inner\"><figure class=\"kb-gallery-figure kb-has-image-ratio-inherit\"><div class=\"kb-gal-image-radius\" style=\"max-width:1024px\"><div class=\"kb-gallery-image-contain kadence-blocks-gallery-intrinsic kb-gallery-image-ratio-inherit\"><img loading=\"lazy\" decoding=\"async\" src=\"http:\/\/tedisouth.vn\/wp-content\/uploads\/2019\/08\/Khao-sat-dia-chat-5-1024x680.jpg\" width=\"1024\" height=\"680\" alt=\"\" data-full-image=\"http:\/\/tedisouth.vn\/wp-content\/uploads\/2019\/08\/Khao-sat-dia-chat-5.jpg\" data-light-image=\"http:\/\/tedisouth.vn\/wp-content\/uploads\/2019\/08\/Khao-sat-dia-chat-5.jpg\" data-id=\"576\" data-link=\"http:\/\/tedisouth.vn\/?attachment_id=576\" class=\"wp-image-576 skip-lazy\" srcset=\"http:\/\/tedisouth.vn\/wp-content\/uploads\/2019\/08\/Khao-sat-dia-chat-5.jpg 1024w, http:\/\/tedisouth.vn\/wp-content\/uploads\/2019\/08\/Khao-sat-dia-chat-5-300x199.jpg 300w, http:\/\/tedisouth.vn\/wp-content\/uploads\/2019\/08\/Khao-sat-dia-chat-5-768x510.jpg 768w\" sizes=\"(max-width: 1024px) 100vw, 1024px\" \/><\/div><\/div><\/figure><\/div><\/div><\/div><div class=\"kb-slide-item kb-gallery-slide-item\"><div class=\"kadence-blocks-gallery-item\"><div class=\"kadence-blocks-gallery-item-inner\"><figure class=\"kb-gallery-figure kb-has-image-ratio-inherit\"><div class=\"kb-gal-image-radius\" style=\"max-width:1024px\"><div class=\"kb-gallery-image-contain kadence-blocks-gallery-intrinsic kb-gallery-image-ratio-inherit\"><img loading=\"lazy\" decoding=\"async\" src=\"http:\/\/tedisouth.vn\/wp-content\/uploads\/2019\/08\/Thi-nghiem-dia-chat-1-1024x680.jpg\" width=\"1024\" height=\"680\" alt=\"\" data-full-image=\"http:\/\/tedisouth.vn\/wp-content\/uploads\/2019\/08\/Thi-nghiem-dia-chat-1.jpg\" data-light-image=\"http:\/\/tedisouth.vn\/wp-content\/uploads\/2019\/08\/Thi-nghiem-dia-chat-1.jpg\" data-id=\"577\" data-link=\"http:\/\/tedisouth.vn\/?attachment_id=577\" class=\"wp-image-577 skip-lazy\" srcset=\"http:\/\/tedisouth.vn\/wp-content\/uploads\/2019\/08\/Thi-nghiem-dia-chat-1.jpg 1024w, http:\/\/tedisouth.vn\/wp-content\/uploads\/2019\/08\/Thi-nghiem-dia-chat-1-300x199.jpg 300w, http:\/\/tedisouth.vn\/wp-content\/uploads\/2019\/08\/Thi-nghiem-dia-chat-1-768x510.jpg 768w\" sizes=\"(max-width: 1024px) 100vw, 1024px\" \/><\/div><\/div><\/figure><\/div><\/div><\/div><div class=\"kb-slide-item kb-gallery-slide-item\"><div class=\"kadence-blocks-gallery-item\"><div class=\"kadence-blocks-gallery-item-inner\"><figure class=\"kb-gallery-figure kb-has-image-ratio-inherit\"><div class=\"kb-gal-image-radius\" style=\"max-width:1024px\"><div class=\"kb-gallery-image-contain kadence-blocks-gallery-intrinsic kb-gallery-image-ratio-inherit\"><img loading=\"lazy\" decoding=\"async\" src=\"http:\/\/tedisouth.vn\/wp-content\/uploads\/2019\/08\/Thi-nghiem-dia-chat-2-1024x680.jpg\" width=\"1024\" height=\"680\" alt=\"\" data-full-image=\"http:\/\/tedisouth.vn\/wp-content\/uploads\/2019\/08\/Thi-nghiem-dia-chat-2.jpg\" data-light-image=\"http:\/\/tedisouth.vn\/wp-content\/uploads\/2019\/08\/Thi-nghiem-dia-chat-2.jpg\" data-id=\"578\" data-link=\"http:\/\/tedisouth.vn\/?attachment_id=578\" class=\"wp-image-578 skip-lazy\" srcset=\"http:\/\/tedisouth.vn\/wp-content\/uploads\/2019\/08\/Thi-nghiem-dia-chat-2.jpg 1024w, http:\/\/tedisouth.vn\/wp-content\/uploads\/2019\/08\/Thi-nghiem-dia-chat-2-300x199.jpg 300w, http:\/\/tedisouth.vn\/wp-content\/uploads\/2019\/08\/Thi-nghiem-dia-chat-2-768x510.jpg 768w\" sizes=\"(max-width: 1024px) 100vw, 1024px\" \/><\/div><\/div><\/figure><\/div><\/div><\/div><div class=\"kb-slide-item kb-gallery-slide-item\"><div class=\"kadence-blocks-gallery-item\"><div class=\"kadence-blocks-gallery-item-inner\"><figure class=\"kb-gallery-figure kb-has-image-ratio-inherit\"><div class=\"kb-gal-image-radius\" style=\"max-width:1024px\"><div class=\"kb-gallery-image-contain kadence-blocks-gallery-intrinsic kb-gallery-image-ratio-inherit\"><img loading=\"lazy\" decoding=\"async\" src=\"http:\/\/tedisouth.vn\/wp-content\/uploads\/2019\/08\/Thi-nghiem-dia-chat-3-1024x680.jpg\" width=\"1024\" height=\"680\" alt=\"\" data-full-image=\"http:\/\/tedisouth.vn\/wp-content\/uploads\/2019\/08\/Thi-nghiem-dia-chat-3.jpg\" data-light-image=\"http:\/\/tedisouth.vn\/wp-content\/uploads\/2019\/08\/Thi-nghiem-dia-chat-3.jpg\" data-id=\"579\" data-link=\"http:\/\/tedisouth.vn\/?attachment_id=579\" class=\"wp-image-579 skip-lazy\" srcset=\"http:\/\/tedisouth.vn\/wp-content\/uploads\/2019\/08\/Thi-nghiem-dia-chat-3.jpg 1024w, http:\/\/tedisouth.vn\/wp-content\/uploads\/2019\/08\/Thi-nghiem-dia-chat-3-300x199.jpg 300w, http:\/\/tedisouth.vn\/wp-content\/uploads\/2019\/08\/Thi-nghiem-dia-chat-3-768x510.jpg 768w\" sizes=\"(max-width: 1024px) 100vw, 1024px\" \/><\/div><\/div><\/figure><\/div><\/div><\/div><\/div><\/div><\/div><\/div>\n\n\n\n<p><\/p>\n","protected":false},"excerpt":{"rendered":"<p>L\u0128NH V\u1ef0C KINH DOANH KH\u1ea2O S\u00c1T \u0110\u1ecaA CH\u1ea4T V\u00c0 TH\u00cd NGHI\u1ec6M Th\u1ef1c hi\u1ec7n c\u00f4ng t\u00e1c kh\u1ea3o s\u00e1t \u0111\u1ecba h\u00ecnh, th\u1ee7y v\u0103n v\u00e0 \u0111o \u0111\u1ea1c b\u1ea3n \u0111\u1ed3. M\u1ed9t s\u1ed1 c\u00f4ng t\u00e1c ti\u00eau bi\u1ec3u \u0111\u00e3 th\u1ef1c hi\u1ec7n<\/p>\n","protected":false},"author":1,"featured_media":0,"parent":298,"menu_order":0,"comment_status":"closed","ping_status":"closed","template":"","meta":{"kt_blocks_editor_width":"","footnotes":""},"_links":{"self":[{"href":"http:\/\/tedisouth.vn\/index.php?rest_route=\/wp\/v2\/pages\/571"}],"collection":[{"href":"http:\/\/tedisouth.vn\/index.php?rest_route=\/wp\/v2\/pages"}],"about":[{"href":"http:\/\/tedisouth.vn\/index.php?rest_route=\/wp\/v2\/types\/page"}],"author":[{"embeddable":true,"href":"http:\/\/tedisouth.vn\/index.php?rest_route=\/wp\/v2\/users\/1"}],"replies":[{"embeddable":true,"href":"http:\/\/tedisouth.vn\/index.php?rest_route=%2Fwp%2Fv2%2Fcomments&post=571"}],"version-history":[{"count":3,"href":"http:\/\/tedisouth.vn\/index.php?rest_route=\/wp\/v2\/pages\/571\/revisions"}],"predecessor-version":[{"id":1190,"href":"http:\/\/tedisouth.vn\/index.php?rest_route=\/wp\/v2\/pages\/571\/revisions\/1190"}],"up":[{"embeddable":true,"href":"http:\/\/tedisouth.vn\/index.php?rest_route=\/wp\/v2\/pages\/298"}],"wp:attachment":[{"href":"http:\/\/tedisouth.vn\/index.php?rest_route=%2Fwp%2Fv2%2Fmedia&parent=571"}],"curies":[{"name":"wp","href":"https:\/\/api.w.org\/{rel}","templated":true}]}}