{"id":17,"date":"2019-08-07T09:55:38","date_gmt":"2019-08-07T02:55:38","guid":{"rendered":"http:\/\/tedisouth.vn\/?page_id=17"},"modified":"2025-12-16T07:48:33","modified_gmt":"2025-12-16T00:48:33","slug":"trang-chu","status":"publish","type":"page","link":"https:\/\/tedisouth.vn\/","title":{"rendered":"Trang ch\u1ee7"},"content":{"rendered":"\n<div class=\"wp-block-columns has-3-columns is-layout-flex wp-container-core-columns-is-layout-1 wp-block-columns-is-layout-flex\">\n<div class=\"wp-block-column is-layout-flow wp-block-column-is-layout-flow\">\n<h2 class=\"wp-block-heading\">L\u1eddi m\u1edf \u0111\u1ea7u<\/h2>\n\n\n\n<hr class=\"wp-block-separator has-css-opacity is-style-wide\"\/>\n<\/div>\n\n\n\n<div class=\"wp-block-column is-layout-flow wp-block-column-is-layout-flow\">\n<h2 class=\"wp-block-heading\">L\u0129nh v\u1ef1c kinh doanh<\/h2>\n\n\n\n<hr class=\"wp-block-separator has-css-opacity is-style-wide\"\/>\n<\/div>\n\n\n\n<div class=\"wp-block-column is-layout-flow wp-block-column-is-layout-flow\">\n<h2 class=\"wp-block-heading\">Th\u00f4ng tin li\u00ean h\u1ec7<\/h2>\n\n\n\n<hr class=\"wp-block-separator has-css-opacity is-style-wide\"\/>\n<\/div>\n<\/div>\n\n\n\n<div class=\"wp-block-columns has-3-columns is-layout-flex wp-container-core-columns-is-layout-2 wp-block-columns-is-layout-flex\">\n<div class=\"wp-block-column is-layout-flow wp-block-column-is-layout-flow\"><p><img loading=\"lazy\" decoding=\"async\" class=\"size-full wp-image-37 alignleft\" src=\"http:\/\/tedisouth.vn\/wp-content\/uploads\/2019\/08\/logo-dinh-kem-bai.jpg\" alt=\"\" width=\"120\" height=\"111\" \/>\u0110\u01b0\u1ee3c th\u00e0nh l\u1eadp v\u00e0o th\u00e1ng 01 n\u0103m 1977 v\u1edbi t\u00ean g\u1ecdi Ph\u00e2n vi\u1ec7n Kh\u1ea3o s\u00e1t \u2013 Thi\u1ebft k\u1ebf Giao th\u00f4ng V\u1eadn t\u1ea3i ph\u00eda Nam thu\u1ed9c Vi\u1ec7n Thi\u1ebft k\u1ebf Giao th\u00f4ng V\u1eadn t\u1ea3i, tr\u1ea3i qua h\u01a1n 40 n\u0103m x\u00e2y d\u1ef1ng v\u00e0 tr\u01b0\u1edfng th\u00e0nh, C\u00f4ng ty c\u1ed5 ph\u1ea7n T\u01b0 v\u1ea5n Thi\u1ebft k\u1ebf Giao th\u00f4ng V\u1eadn t\u1ea3i ph\u00eda Nam <strong>(TEDI SOUTH)<\/strong> hi\u1ec7n c\u00f3 \u0111\u1ea7y \u0111\u1ee7 c\u00e1c chuy\u00ean ng\u00e0nh c\u1ea7n thi\u1ebft c\u1ee7a m\u1ed9t \u0111\u01a1n v\u1ecb t\u01b0 v\u1ea5n chuy\u00ean nghi\u1ec7p nh\u01b0: kh\u1ea3o s\u00e1t, thi\u1ebft k\u1ebf, gi\u00e1m s\u00e1t, th\u1ea9m \u0111\u1ecbnh, ki\u1ec3m \u0111\u1ecbnh, \u2026 v\u00e0 v\u1eabn lu\u00f4n l\u00e0 s\u1ef1 l\u1ef1a ch\u1ecdn h\u00e0ng \u0111\u1ea7u c\u1ee7a B\u1ed9 GTVT, c\u00e1c ch\u1ee7 \u0111\u1ea7u t\u01b0 c\u0169ng nh\u01b0 c\u1ee7a c\u00e1c t\u01b0 v\u1ea5n n\u01b0\u1edbc ngo\u00e0i trong l\u0129nh v\u1ef1c t\u01b0 v\u1ea5n x\u00e2y d\u1ef1ng c\u00f4ng tr\u00ecnh h\u1ea1 t\u1ea7ng, giao th\u00f4ng.<\/p><\/div>\n\n\n\n<div class=\"wp-block-column is-layout-flow wp-block-column-is-layout-flow\">\n<ul>\n<li>L\u1eadp quy ho\u1ea1ch<\/li>\n\n\n\n<li>L\u1eadp b\u00e1o c\u00e1o \u0111\u1ea7u t\u01b0<\/li>\n\n\n\n<li>Thi\u1ebft k\u1ebf<\/li>\n\n\n\n<li>T\u01b0 v\u1ea5n gi\u00e1m s\u00e1t<\/li>\n\n\n\n<li>Kh\u1ea3o s\u00e1t \u0111\u1ecba h\u00ecnh<\/li>\n\n\n\n<li>Kh\u1ea3o s\u00e1t v\u00e0 th\u00ed nghi\u1ec7m \u0111\u1ecba k\u1ef9 thu\u1eadt<\/li>\n\n\n\n<li>Th\u1ea9m tra<\/li>\n\n\n\n<li>Ki\u1ec3m \u0111\u1ecbnh<\/li>\n<\/ul>\n<\/div>\n\n\n\n<div class=\"wp-block-column is-layout-flow wp-block-column-is-layout-flow\">\n<p style=\"font-size:14px\"><strong>C\u00f4ng ty c\u1ed5 ph\u1ea7n t\u01b0 v\u1ea5n thi\u1ebft k\u1ebf giao th\u00f4ng v\u1eadn t\u1ea3i ph\u00eda Nam &#8211; <em>Tedi South<\/em><\/strong><\/p>\n\n\n\n<p style=\"font-size:14px\"><strong>\u0110\u1ecba ch\u1ec9:<\/strong> 530 V\u00f5 V\u0103n Ki\u1ec7t, Ph\u01b0\u1eddng C\u1ea7u \u00d4ng L\u00e3nh, TP. H\u1ed3 Ch\u00ed Minh<\/p>\n\n\n\n<p style=\"font-size:14px\"><strong>\u0110i\u1ec7n tho\u1ea1i:<\/strong> (028) 3829 9988<\/p>\n\n\n\n<p style=\"font-size:14px\"><strong>Fax:<\/strong> (028) 3829 2661<\/p>\n\n\n\n<p style=\"font-size:14px\"><strong>Email:<\/strong> tedisouth@tedisouth.com<\/p>\n\n\n\n<p style=\"font-size:14px\"><strong>Website: <\/strong>http:\/\/www.tedisouth.com<\/p>\n<\/div>\n<\/div>\n\n\n\n<div class=\"wp-block-columns has-3-columns is-layout-flex wp-container-core-columns-is-layout-3 wp-block-columns-is-layout-flex\">\n<div class=\"wp-block-column is-layout-flow wp-block-column-is-layout-flow\">\n<h4 class=\"wp-block-heading has-text-align-right\"><a href=\"http:\/\/tedisouth.vn\/?page_id=92\">(Xem th\u00eam&#8230;)<\/a><\/h4>\n\n\n\n<p><\/p>\n<\/div>\n\n\n\n<div class=\"wp-block-column is-layout-flow wp-block-column-is-layout-flow\">\n<h4 class=\"wp-block-heading has-text-align-right\"><a href=\"http:\/\/tedisouth.vn\/?page_id=298\"> (Xem th\u00eam&#8230;)<\/a> <\/h4>\n<\/div>\n\n\n\n<div class=\"wp-block-column is-layout-flow wp-block-column-is-layout-flow\"><\/div>\n<\/div>\n\n\n\n<h3 class=\"wp-block-heading has-text-align-center\">Tin t\u1ee9c v\u00e0 s\u1ef1 ki\u1ec7n n\u1ed5i b\u1eadt<\/h3>\n\n\n\n<hr class=\"wp-block-separator has-css-opacity\"\/>\n\n\n\n<div class=\"wp-block-columns has-3-columns is-layout-flex wp-container-core-columns-is-layout-4 wp-block-columns-is-layout-flex\">\n<div class=\"wp-block-column is-layout-flow wp-block-column-is-layout-flow\">\n<p class=\"has-text-align-left has-virtue-primary-color has-text-color has-normal-font-size\"><strong>Tin b\u00e1o ch\u00ed<\/strong><\/p>\n<\/div>\n\n\n\n<div class=\"wp-block-column is-layout-flow wp-block-column-is-layout-flow\">\n<p class=\"has-text-align-left has-virtue-primary-color has-text-color has-normal-font-size\"><strong>Tin TEDI South<\/strong><\/p>\n<\/div>\n\n\n\n<div class=\"wp-block-column is-layout-flow wp-block-column-is-layout-flow\">\n<p class=\"has-text-align-left has-virtue-primary-color has-text-color has-normal-font-size\"><strong>Tin \u0110o\u00e0n Th\u1ec3<\/strong><\/p>\n<\/div>\n<\/div>\n\n\n\n<div class=\"wp-block-columns has-3-columns is-layout-flex wp-container-core-columns-is-layout-5 wp-block-columns-is-layout-flex\">\n<div class=\"wp-block-column is-layout-flow wp-block-column-is-layout-flow\"><ul class=\"display-posts-listing\"><li class=\"listing-item\"><a class=\"title\" href=\"https:\/\/tedisouth.vn\/?p=1822\">T\u1eb7ng b\u1eb1ng khen cho c\u00e1c t\u1eadp th\u1ec3, c\u00e1 nh\u00e2n trong th\u1ef1c hi\u1ec7n D\u1ef1 \u00e1n \u0111\u01b0\u1eddng V\u00e0nh \u0111ai 4 TP.H\u1ed3 Ch\u00ed Minh<\/a><\/li><li class=\"listing-item\"><a class=\"title\" href=\"https:\/\/tedisouth.vn\/?p=1669\">Tuy\u1ebfn \u0111\u01b0\u1eddng si\u00eau \u0111\u1eb9p c\u1ee7a \u0110\u00e0 L\u1ea1t (\u0111\u01b0\u1eddng v\u00e0nh \u0111i TP \u0110\u00e0 L\u1ea1t) sau h\u01a1n 3 n\u0103m thi c\u00f4ng<\/a><\/li><li class=\"listing-item\"><a class=\"title\" href=\"https:\/\/tedisouth.vn\/?p=1661\">C\u1ea7u Ba Son (c\u1ea7u Th\u1ee7 Thi\u00eam 2) \u0111\u01b0\u1ee3c l\u1eafp h\u1ec7 th\u1ed1ng \u0111\u00e8n chi\u1ebfu s\u00e1ng m\u1ef9 thu\u1eadt<\/a><\/li><li class=\"listing-item\"><a class=\"title\" href=\"https:\/\/tedisouth.vn\/?p=1647\">H\u00ecnh \u1ea3nh Th\u1ee7 t\u01b0\u1edbng ki\u1ec3m tra ti\u1ebfn \u0111\u1ed9 s\u00e2n bay Long Th\u00e0nh ng\u00e0y 03\/12\/2024<\/a><\/li><li class=\"listing-item\"><a class=\"title\" href=\"https:\/\/tedisouth.vn\/?p=1632\">Th\u00f4ng xe c\u1ea7u R\u1ea1ch \u0110\u1ec9a n\u1ed1i Qu\u1eadn 7 v\u00e0 Nh\u00e0 B\u00e8<\/a><\/li><\/ul>\n<\/div>\n\n\n\n<div class=\"wp-block-column is-layout-flow wp-block-column-is-layout-flow\"><ul class=\"display-posts-listing\"><li class=\"listing-item\"><a class=\"title\" href=\"https:\/\/tedisouth.vn\/?p=1847\">C\u00f4ng b\u1ed1 n\u0103ng l\u1ef1c ho\u1ea1t \u0111\u1ed9ng th\u00ed nghi\u1ec7m chuy\u00ean ng\u00e0nh x\u00e2y d\u1ef1ng<\/a><\/li><li class=\"listing-item\"><a class=\"title\" href=\"https:\/\/tedisouth.vn\/?p=1800\">L\u1ec5 k\u1ef7 ni\u1ec7m Ng\u00e0y Ph\u1ee5 n\u1eef Vi\u1ec7t Nam 20\/10\/2025<\/a><\/li><li class=\"listing-item\"><a class=\"title\" href=\"https:\/\/tedisouth.vn\/?p=1788\">25 k\u1ef9 s\u01b0 TEDI South t\u1ed1t nghi\u1ec7p chuy\u00ean ng\u00e0nh \u0110\u01b0\u1eddng s\u1eaft, tham gia nhi\u1ec1u d\u1ef1 \u00e1n tr\u1ecdng \u0111i\u1ec3m<\/a><\/li><li class=\"listing-item\"><a class=\"title\" href=\"https:\/\/tedisouth.vn\/?p=1679\">M\u1ed9t s\u1ed1 ho\u1ea1t \u0111\u1ed9ng m\u1eebng xu\u00e2n \u1ea4t T\u1ef5 2025<\/a><\/li><li class=\"listing-item\"><a class=\"title\" href=\"https:\/\/tedisouth.vn\/?p=1598\">Ch\u01b0\u01a1ng tr\u00ecnh d\u00e3 ngo\u1ea1i 2024: &#8220;K\u1ebft s\u1ee9c m\u1ea1nh n\u1ed1i th\u00e0nh c\u00f4ng&#8221; t\u1ea1i Nha Trang<\/a><\/li><\/ul>\n\n\n\n<p><\/p>\n<\/div>\n\n\n\n<div class=\"wp-block-column is-layout-flow wp-block-column-is-layout-flow\"><ul class=\"display-posts-listing\"><li class=\"listing-item\"><a class=\"title\" href=\"https:\/\/tedisouth.vn\/?p=1489\">H\u1ed9i thao truy\u1ec1n th\u1ed1ng Tedi South n\u0103m 2023<\/a><\/li><li class=\"listing-item\"><a class=\"title\" href=\"https:\/\/tedisouth.vn\/?p=1478\">C\u00f4ng ty Tedi South c\u00f9ng c\u00e1c \u0111\u01a1n v\u1ecb trong C\u1ee5m V\u0103n ho\u00e1 th\u1ec3 thao s\u1ed1 4 tham gia H\u1ed9i thao Ch\u00e0o m\u1eebng \u0110\u1ea1i h\u1ed9i XI C\u00f4ng \u0110o\u00e0n GTVT Vi\u1ec7t Nam, Nhi\u1ec7m k\u1ef3 2023-2028<\/a><\/li><li class=\"listing-item\"><a class=\"title\" href=\"https:\/\/tedisouth.vn\/?p=780\">H\u1ed9i thao truy\u1ec1n th\u1ed1ng Tedi South n\u0103m 2019<\/a><\/li><\/ul>\n<\/div>\n<\/div>\n\n\n\n<h3 class=\"wp-block-heading has-text-align-center\">Ch\u1ee7 \u0111\u1ea7u t\u01b0 ti\u00eau bi\u1ec3u<\/h3>\n\n\n\n<hr class=\"wp-block-separator has-css-opacity\"\/>\n\n\n\n<div class=\"wp-block-columns has-6-columns is-layout-flex wp-container-core-columns-is-layout-6 wp-block-columns-is-layout-flex\">\n<div class=\"wp-block-column is-layout-flow wp-block-column-is-layout-flow\"><div class=\"wp-block-image\">\n<figure class=\"aligncenter\"><img loading=\"lazy\" decoding=\"async\" width=\"137\" height=\"120\" src=\"http:\/\/tedisouth.vn\/wp-content\/uploads\/2019\/08\/logo-bo-GTVT.jpg\" alt=\"\" class=\"wp-image-50\"\/><\/figure><\/div><\/div>\n\n\n\n<div class=\"wp-block-column is-layout-flow wp-block-column-is-layout-flow\"><div class=\"wp-block-image\">\n<figure class=\"aligncenter\"><img loading=\"lazy\" decoding=\"async\" width=\"121\" height=\"120\" src=\"http:\/\/tedisouth.vn\/wp-content\/uploads\/2019\/08\/logo-cuc-dbvn.jpg\" alt=\"\" class=\"wp-image-52\"\/><\/figure><\/div><\/div>\n\n\n\n<div class=\"wp-block-column is-layout-flow wp-block-column-is-layout-flow\"><div class=\"wp-block-image\">\n<figure class=\"aligncenter\"><img loading=\"lazy\" decoding=\"async\" width=\"234\" height=\"120\" src=\"http:\/\/tedisouth.vn\/wp-content\/uploads\/2019\/08\/Logo-DSVN.jpg\" alt=\"\" class=\"wp-image-53\"\/><\/figure><\/div><\/div>\n\n\n\n<div class=\"wp-block-column is-layout-flow wp-block-column-is-layout-flow\"><div class=\"wp-block-image\">\n<figure class=\"aligncenter\"><img loading=\"lazy\" decoding=\"async\" width=\"214\" height=\"120\" src=\"http:\/\/tedisouth.vn\/wp-content\/uploads\/2019\/08\/logo-hcmc-metro.png\" alt=\"\" class=\"wp-image-54\"\/><\/figure><\/div><\/div>\n\n\n\n<div class=\"wp-block-column is-layout-flow wp-block-column-is-layout-flow\"><div class=\"wp-block-image\">\n<figure class=\"aligncenter\"><img loading=\"lazy\" decoding=\"async\" width=\"171\" height=\"120\" src=\"http:\/\/tedisouth.vn\/wp-content\/uploads\/2019\/08\/logo-cii.png\" alt=\"\" class=\"wp-image-58\"\/><\/figure><\/div><\/div>\n\n\n\n<div class=\"wp-block-column is-layout-flow wp-block-column-is-layout-flow\"><div class=\"wp-block-image\">\n<figure class=\"aligncenter\"><img loading=\"lazy\" decoding=\"async\" width=\"142\" height=\"120\" src=\"http:\/\/tedisouth.vn\/wp-content\/uploads\/2019\/08\/logo-Vec.jpg\" alt=\"\" class=\"wp-image-60\"\/><\/figure><\/div><\/div>\n<\/div>\n\n\n\n<h3 class=\"wp-block-heading has-text-align-center\">\u0110\u1ed1i t\u00e1c li\u00ean doanh &amp; li\u00ean k\u1ebft ti\u00eau bi\u1ec3u<\/h3>\n\n\n\n<hr class=\"wp-block-separator has-css-opacity\"\/>\n\n\n\n<div class=\"wp-block-columns has-6-columns is-layout-flex wp-container-core-columns-is-layout-7 wp-block-columns-is-layout-flex\">\n<div class=\"wp-block-column is-layout-flow wp-block-column-is-layout-flow\"><div class=\"wp-block-image\">\n<figure class=\"aligncenter\"><img loading=\"lazy\" decoding=\"async\" width=\"127\" height=\"120\" src=\"http:\/\/tedisouth.vn\/wp-content\/uploads\/2019\/08\/logo-Nippon-Koei.jpg\" alt=\"\" class=\"wp-image-79\"\/><\/figure><\/div><\/div>\n\n\n\n<div class=\"wp-block-column is-layout-flow wp-block-column-is-layout-flow\"><div class=\"wp-block-image\">\n<figure class=\"aligncenter\"><img loading=\"lazy\" decoding=\"async\" width=\"256\" height=\"120\" src=\"http:\/\/tedisouth.vn\/wp-content\/uploads\/2019\/08\/logo-wsp.png\" alt=\"\" class=\"wp-image-80\"\/><\/figure><\/div><\/div>\n\n\n\n<div class=\"wp-block-column is-layout-flow wp-block-column-is-layout-flow\"><div class=\"wp-block-image\">\n<figure class=\"aligncenter\"><img loading=\"lazy\" decoding=\"async\" width=\"142\" height=\"120\" src=\"http:\/\/tedisouth.vn\/wp-content\/uploads\/2019\/08\/logo-GS.jpg\" alt=\"\" class=\"wp-image-81\"\/><\/figure><\/div><\/div>\n\n\n\n<div class=\"wp-block-column is-layout-flow wp-block-column-is-layout-flow\"><div class=\"wp-block-image\">\n<figure class=\"aligncenter\"><img loading=\"lazy\" decoding=\"async\" width=\"120\" height=\"120\" src=\"http:\/\/tedisouth.vn\/wp-content\/uploads\/2019\/08\/logo-dasan.png\" alt=\"\" class=\"wp-image-82\"\/><\/figure><\/div><\/div>\n\n\n\n<div class=\"wp-block-column is-layout-flow wp-block-column-is-layout-flow\"><div class=\"wp-block-image\">\n<figure class=\"aligncenter\"><img loading=\"lazy\" decoding=\"async\" width=\"625\" height=\"120\" src=\"http:\/\/tedisouth.vn\/wp-content\/uploads\/2019\/08\/logo-poyry.png\" alt=\"\" class=\"wp-image-84\" srcset=\"https:\/\/tedisouth.vn\/wp-content\/uploads\/2019\/08\/logo-poyry.png 625w, https:\/\/tedisouth.vn\/wp-content\/uploads\/2019\/08\/logo-poyry-300x58.png 300w\" sizes=\"(max-width: 625px) 100vw, 625px\" \/><\/figure><\/div><\/div>\n\n\n\n<div class=\"wp-block-column is-layout-flow wp-block-column-is-layout-flow\"><div class=\"wp-block-image\">\n<figure class=\"aligncenter\"><img loading=\"lazy\" decoding=\"async\" width=\"253\" height=\"120\" src=\"http:\/\/tedisouth.vn\/wp-content\/uploads\/2019\/08\/logo-kunhwa.jpg\" alt=\"\" class=\"wp-image-85\"\/><\/figure><\/div><\/div>\n<\/div>\n","protected":false},"excerpt":{"rendered":"<p>L\u1eddi m\u1edf \u0111\u1ea7u L\u0129nh v\u1ef1c kinh doanh Th\u00f4ng tin li\u00ean h\u1ec7 \u0110\u01b0\u1ee3c th\u00e0nh l\u1eadp v\u00e0o th\u00e1ng 01 n\u0103m 1977 v\u1edbi t\u00ean g\u1ecdi Ph\u00e2n vi\u1ec7n Kh\u1ea3o s\u00e1t \u2013 Thi\u1ebft k\u1ebf Giao th\u00f4ng V\u1eadn t\u1ea3i ph\u00eda Nam thu\u1ed9c Vi\u1ec7n Thi\u1ebft k\u1ebf Giao &hellip; <a href=\"https:\/\/tedisouth.vn\/?p=780\">Continued<\/a><\/p>\n","protected":false},"author":1,"featured_media":0,"parent":0,"menu_order":0,"comment_status":"closed","ping_status":"closed","template":"","meta":{"kt_blocks_editor_width":"","footnotes":""},"_links":{"self":[{"href":"https:\/\/tedisouth.vn\/index.php?rest_route=\/wp\/v2\/pages\/17"}],"collection":[{"href":"https:\/\/tedisouth.vn\/index.php?rest_route=\/wp\/v2\/pages"}],"about":[{"href":"https:\/\/tedisouth.vn\/index.php?rest_route=\/wp\/v2\/types\/page"}],"author":[{"embeddable":true,"href":"https:\/\/tedisouth.vn\/index.php?rest_route=\/wp\/v2\/users\/1"}],"replies":[{"embeddable":true,"href":"https:\/\/tedisouth.vn\/index.php?rest_route=%2Fwp%2Fv2%2Fcomments&post=17"}],"version-history":[{"count":32,"href":"https:\/\/tedisouth.vn\/index.php?rest_route=\/wp\/v2\/pages\/17\/revisions"}],"predecessor-version":[{"id":1819,"href":"https:\/\/tedisouth.vn\/index.php?rest_route=\/wp\/v2\/pages\/17\/revisions\/1819"}],"wp:attachment":[{"href":"https:\/\/tedisouth.vn\/index.php?rest_route=%2Fwp%2Fv2%2Fmedia&parent=17"}],"curies":[{"name":"wp","href":"https:\/\/api.w.org\/{rel}","templated":true}]}}